{"id":270,"date":"2025-02-25T01:46:05","date_gmt":"2025-02-25T01:46:05","guid":{"rendered":"https:\/\/tiendademascotasramos.com\/?post_type=product&#038;p=270"},"modified":"2025-02-25T01:46:06","modified_gmt":"2025-02-25T01:46:06","slug":"jaula-metalica-plegable-30-in-76-cm-2-puertas","status":"publish","type":"product","link":"https:\/\/tiendademascotasramos.com\/index.php\/producto\/jaula-metalica-plegable-30-in-76-cm-2-puertas\/","title":{"rendered":"Jaula Met\u00e1lica Plegable 30 IN (76 CM) &#8211; 2 Puertas"},"content":{"rendered":"<ul data-sourcepos=\"9:1-15:0\">\n<li data-sourcepos=\"9:1-9:52\">Jaula met\u00e1lica plegable de 76 cm con doble puerta.<\/li>\n<li data-sourcepos=\"10:1-10:57\">Dise\u00f1ada para la comodidad y seguridad de las mascotas.<\/li>\n<li data-sourcepos=\"11:1-11:39\">\u00datil para entrenamiento y transporte.<\/li>\n<li data-sourcepos=\"12:1-12:20\">Marca: Fancy Pets.<\/li>\n<li data-sourcepos=\"13:1-13:18\">Especie: Perros.<\/li>\n<li data-sourcepos=\"14:1-15:0\">Medidas: 78 cm x 49 cm x 56.5 cm.<\/li>\n<\/ul>\n<p data-sourcepos=\"16:1-16:15\"><strong>Beneficios:<\/strong><\/p>\n<ul data-sourcepos=\"18:1-24:0\">\n<li data-sourcepos=\"18:1-18:34\">Puertas con manijas deslizables.<\/li>\n<li data-sourcepos=\"19:1-19:25\">Agarradera de pl\u00e1stico.<\/li>\n<li data-sourcepos=\"20:1-20:26\">Base met\u00e1lica removible.<\/li>\n<li data-sourcepos=\"21:1-21:32\">Bandeja de pl\u00e1stico extra\u00edble.<\/li>\n<li data-sourcepos=\"22:1-22:22\">Plegable y port\u00e1til.<\/li>\n<li data-sourcepos=\"23:1-24:0\">Espacio c\u00f3modo, limpio y seguro.<\/li>\n<\/ul>\n<p data-sourcepos=\"25:1-25:46\"><strong>Modo de uso \/ Precauciones y advertencias:<\/strong><\/p>\n<ul data-sourcepos=\"27:1-30:0\">\n<li data-sourcepos=\"27:1-27:33\">Colocar en un lugar con sombra.<\/li>\n<li data-sourcepos=\"28:1-28:26\">Limpiar con regularidad.<\/li>\n<li data-sourcepos=\"29:1-30:0\">Proporcionar diariamente agua potable y alimento fresco a la mascota.<\/li>\n<\/ul>\n","protected":false},"excerpt":{"rendered":"<p>Jaula met\u00e1lica plegable de 76 cm con doble puerta. Dise\u00f1ada para la comodidad y seguridad de las mascotas. \u00datil para entrenamiento y transporte. Marca: Fancy Pets. Especie: Perros. Medidas: 78 cm x 49 cm x 56.5 cm. Beneficios: Puertas con manijas deslizables. Agarradera de pl\u00e1stico. Base met\u00e1lica removible. Bandeja de pl\u00e1stico extra\u00edble. Plegable y port\u00e1til. [&hellip;]<\/p>\n","protected":false},"featured_media":271,"comment_status":"open","ping_status":"closed","template":"","meta":{"_surecart_dashboard_logo_width":"180px","_surecart_dashboard_show_logo":true,"_surecart_dashboard_navigation_orders":true,"_surecart_dashboard_navigation_invoices":true,"_surecart_dashboard_navigation_subscriptions":true,"_surecart_dashboard_navigation_downloads":true,"_surecart_dashboard_navigation_billing":true,"_surecart_dashboard_navigation_account":true,"_uag_custom_page_level_css":""},"product_brand":[],"product_cat":[19,29,33,32],"product_tag":[],"class_list":{"0":"post-270","1":"product","2":"type-product","3":"status-publish","4":"has-post-thumbnail","6":"product_cat-perros-gatos","7":"product_cat-otros","8":"product_cat-mas","9":"product_cat-paseo","11":"first","12":"instock","13":"taxable","14":"shipping-taxable","15":"purchasable","16":"product-type-simple"},"uagb_featured_image_src":{"full":["https:\/\/tiendademascotasramos.com\/wp-content\/uploads\/2025\/02\/20.png",600,600,false],"thumbnail":["https:\/\/tiendademascotasramos.com\/wp-content\/uploads\/2025\/02\/20-150x150.png",150,150,true],"medium":["https:\/\/tiendademascotasramos.com\/wp-content\/uploads\/2025\/02\/20-300x300.png",300,300,true],"medium_large":["https:\/\/tiendademascotasramos.com\/wp-content\/uploads\/2025\/02\/20.png",600,600,false],"large":["https:\/\/tiendademascotasramos.com\/wp-content\/uploads\/2025\/02\/20.png",600,600,false],"1536x1536":["https:\/\/tiendademascotasramos.com\/wp-content\/uploads\/2025\/02\/20.png",600,600,false],"2048x2048":["https:\/\/tiendademascotasramos.com\/wp-content\/uploads\/2025\/02\/20.png",600,600,false],"woocommerce_thumbnail":["https:\/\/tiendademascotasramos.com\/wp-content\/uploads\/2025\/02\/20-300x300.png",300,300,true],"woocommerce_single":["https:\/\/tiendademascotasramos.com\/wp-content\/uploads\/2025\/02\/20.png",600,600,false],"woocommerce_gallery_thumbnail":["https:\/\/tiendademascotasramos.com\/wp-content\/uploads\/2025\/02\/20-100x100.png",100,100,true],"dgwt-wcas-product-suggestion":["https:\/\/tiendademascotasramos.com\/wp-content\/uploads\/2025\/02\/20-64x64.png",64,64,true]},"uagb_author_info":{"display_name":"Gerson Minor","author_link":"https:\/\/tiendademascotasramos.com\/index.php\/author\/"},"uagb_comment_info":0,"uagb_excerpt":"Jaula met\u00e1lica plegable de 76 cm con doble puerta. Dise\u00f1ada para la comodidad y seguridad de las mascotas. \u00datil para entrenamiento y transporte. Marca: Fancy Pets. Especie: Perros. Medidas: 78 cm x 49 cm x 56.5 cm. Beneficios: Puertas con manijas deslizables. Agarradera de pl\u00e1stico. Base met\u00e1lica removible. Bandeja de pl\u00e1stico extra\u00edble. Plegable y port\u00e1til.&hellip;","_links":{"self":[{"href":"https:\/\/tiendademascotasramos.com\/index.php\/wp-json\/wp\/v2\/product\/270","targetHints":{"allow":["GET"]}}],"collection":[{"href":"https:\/\/tiendademascotasramos.com\/index.php\/wp-json\/wp\/v2\/product"}],"about":[{"href":"https:\/\/tiendademascotasramos.com\/index.php\/wp-json\/wp\/v2\/types\/product"}],"replies":[{"embeddable":true,"href":"https:\/\/tiendademascotasramos.com\/index.php\/wp-json\/wp\/v2\/comments?post=270"}],"wp:featuredmedia":[{"embeddable":true,"href":"https:\/\/tiendademascotasramos.com\/index.php\/wp-json\/wp\/v2\/media\/271"}],"wp:attachment":[{"href":"https:\/\/tiendademascotasramos.com\/index.php\/wp-json\/wp\/v2\/media?parent=270"}],"wp:term":[{"taxonomy":"product_brand","embeddable":true,"href":"https:\/\/tiendademascotasramos.com\/index.php\/wp-json\/wp\/v2\/product_brand?post=270"},{"taxonomy":"product_cat","embeddable":true,"href":"https:\/\/tiendademascotasramos.com\/index.php\/wp-json\/wp\/v2\/product_cat?post=270"},{"taxonomy":"product_tag","embeddable":true,"href":"https:\/\/tiendademascotasramos.com\/index.php\/wp-json\/wp\/v2\/product_tag?post=270"}],"curies":[{"name":"wp","href":"https:\/\/api.w.org\/{rel}","templated":true}]}}